{"id":224,"date":"2024-10-22T11:27:16","date_gmt":"2024-10-22T14:27:16","guid":{"rendered":"https:\/\/www.upfpra.org.ar\/sitio\/?page_id=224"},"modified":"2024-11-05T14:50:02","modified_gmt":"2024-11-05T17:50:02","slug":"matrimonio","status":"publish","type":"page","link":"https:\/\/www.upfpra.org.ar\/sitio\/matrimonio\/","title":{"rendered":"Matrimonio"},"content":{"rendered":"\n<p><strong>UNION PERSONAL DE F\u00c1BRICAS DE PINTURA Y AFINES R.A<\/strong><strong>.<\/strong><\/p>\n\n\n\n<p>Sede Central: Av. Nazca 845 \u2013 C.A.B.A.<\/p>\n\n\n\n<p>ADHERIDA A LA C.G.T. \u2013 PERSONERIA GREMIAL N\u00b0 456 Y 46\/76 \u00c1mbito Nacional<\/p>\n\n\n\n<p><strong><br><\/strong><strong>BENEFICIO POR MATRIMONIO &#8211; ART. 64<\/strong><\/p>\n\n\n\n<p><strong>CONVENCION COLECTIVA DE TRABAJO N\u00b0 86 \/89<\/strong><\/p>\n\n\n\n<p><strong>VIGENTE DE ULTRA ACTIVIDAD<\/strong><\/p>\n\n\n\n<p><strong><u>ART\u00cdCULO 64\u00b0:<\/u><\/strong><strong> MATRIMONIO: La licencia y la asignaci\u00f3n por matrimonio se regir\u00e1n por las disposiciones legales en vigor.<\/strong><\/p>\n\n\n\n<p><strong>La licencia podr\u00e1 agregarse a las vacaciones anuales a pedido del contrayente.<\/strong><\/p>\n\n\n\n<p><strong><u>BENEFICIO SOCIAL DEL GREMIO<\/u><\/strong><\/p>\n\n\n\n<p>Se le otorga sin cargo 7 (siete) d\u00edas de Alojamiento con desayuno, en nuestra Colonia <strong>\u201cLa Nueva Argentina\u201d<\/strong>, sita en Abraham Lincoln S\/N, Camino El Caracol, de la localidad de Rio Ceballos, Provincia de C\u00f3rdoba, para afiliados\/as con m\u00e1s de 6 meses de antig\u00fcedad &nbsp;al Sindicato con aportes actualizados.<\/p>\n\n\n\n<p>Reservar con un mes de antelaci\u00f3n en temporada baja (abril a diciembre).<\/p>\n\n\n\n<p>En temporada alta (enero a marzo) este beneficio queda sujeto a disponibilidad de plazas y se debe tramitar en las mismas fechas en que se inscriben el resto de los afiliados\/as.<\/p>\n\n\n\n<p>El afiliado\/a deber\u00e1 acreditar afiliaci\u00f3n actualizada y documentaci\u00f3n legal a los fines de evitar distorsionar este importante beneficio.<\/p>\n\n\n\n<p><\/p>\n\n\n\n<p class=\"has-text-align-right\">\u00a0\u00a0\u00a0\u00a0\u00a0\u00a0\u00a0\u00a0\u00a0\u00a0\u00a0\u00a0\u00a0\u00a0\u00a0\u00a0\u00a0\u00a0\u00a0\u00a0\u00a0\u00a0\u00a0\u00a0\u00a0\u00a0\u00a0\u00a0\u00a0\u00a0\u00a0\u00a0\u00a0\u00a0\u00a0\u00a0\u00a0\u00a0 \u00a0\u00a0\u00a0\u00a0 \u00a0\u00a0\u00a0 \u00a0\u00a0\u00a0\u00a0\u00a0\u00a0\u00a0\u00a0\u00a0\u00a0\u00a0\u00a0\u00a0\u00a0\u00a0\u00a0\u00a0\u00a0\u00a0\u00a0\u00a0\u00a0\u00a0\u00a0\u00a0\u00a0Pedro Victorio Zambelletti<br>Secretario General<br>U.P.F.P.A. R.A.<\/p>\n","protected":false},"excerpt":{"rendered":"<p>UNION PERSONAL DE F\u00c1BRICAS DE PINTURA Y AFINES R.A. Sede Central: Av. Nazca 845 \u2013 C.A.B.A. ADHERIDA A LA C.G.T. \u2013 PERSONERIA GREMIAL N\u00b0 456 Y 46\/76 \u00c1mbito Nacional BENEFICIO POR MATRIMONIO &#8211; ART. 64 CONVENCION COLECTIVA DE TRABAJO N\u00b0 86 \/89 VIGENTE DE ULTRA &hellip; <\/p>\n","protected":false},"author":1,"featured_media":0,"parent":0,"menu_order":0,"comment_status":"closed","ping_status":"closed","template":"","meta":{"footnotes":""},"class_list":["post-224","page","type-page","status-publish","hentry"],"_links":{"self":[{"href":"https:\/\/www.upfpra.org.ar\/sitio\/wp-json\/wp\/v2\/pages\/224","targetHints":{"allow":["GET"]}}],"collection":[{"href":"https:\/\/www.upfpra.org.ar\/sitio\/wp-json\/wp\/v2\/pages"}],"about":[{"href":"https:\/\/www.upfpra.org.ar\/sitio\/wp-json\/wp\/v2\/types\/page"}],"author":[{"embeddable":true,"href":"https:\/\/www.upfpra.org.ar\/sitio\/wp-json\/wp\/v2\/users\/1"}],"replies":[{"embeddable":true,"href":"https:\/\/www.upfpra.org.ar\/sitio\/wp-json\/wp\/v2\/comments?post=224"}],"version-history":[{"count":3,"href":"https:\/\/www.upfpra.org.ar\/sitio\/wp-json\/wp\/v2\/pages\/224\/revisions"}],"predecessor-version":[{"id":317,"href":"https:\/\/www.upfpra.org.ar\/sitio\/wp-json\/wp\/v2\/pages\/224\/revisions\/317"}],"wp:attachment":[{"href":"https:\/\/www.upfpra.org.ar\/sitio\/wp-json\/wp\/v2\/media?parent=224"}],"curies":[{"name":"wp","href":"https:\/\/api.w.org\/{rel}","templated":true}]}}